e v(-7).
-7
Let q(p) = 2*p**2 + 2*p - 1206. What is q(24)?
-6
Let v(p) = 8*p**2 - 56*p - 3. What is v(7)?
-3
Let j(o) = -46*o + 3317. Give j(72).
5
Let r(l) = 9633*l**2 + 9638*l + 2. What is r(-1)?
-3
Let u(f) = 34*f - 163. Give u(6).
41
Let h(x) = -x**2 + 23*x + 272. What is h(30)?
62
Let s(n) = -84*n + 98. Calculate s(1).
14
Let w(g) = -g**2 - 74*g - 256. Determine w(-70).
24
Let u(f) = -24*f + 92. Give u(9).
-124
Let h(i) = i**3 + 10*i**2 + 12*i + 221. Determine h(-9).
194
Let d(a) = 2*a**2 + 146*a + 585. What is d(-69)?
33
Let d(r) = -88*r + 449. Determine d(5).
9
Let g(n) = -2*n**2 - 45*n - 135. Determine g(-23).
-158
Let t(g) = -7420*g + 140972. Determine t(19).
-8
Let x(g) = 973*g - 25292. Determine x(26).
6
Let z(r) = -173*r - 35. Calculate z(-1).
138
Let c(d) = -d**2 - 333*d - 990. Calculate c(-3).
0
Let x(d) = -3*d + 24. What is x(-8)?
48
Let a(n) = -2*n**2 + 34*n + 2530. Determine a(-27).
154
Let u(y) = 11*y**2 - 166*y - 2360. Calculate u(24).
-8
Let h(y) = y**2 + 119*y + 235. What is h(-2)?
1
Let v(h) = -h**3 - 4*h**2 - 17*h - 120. Give v(-5).
-10
Let n(t) = -8*t**3 - 275*t**2 + 789*t + 450. Determine n(-37).
6
Let p(s) = -2327*s + 214085. What is p(92)?
1
Let t(h) = h**3 + 17*h**2 + 533*h + 4148. Give t(-9).
-1
Let k(j) = -52*j**2 + 355*j + 7. Give k(7).
-56
Let r(m) = 204*m + 2644. Calculate r(-13).
-8
Let a(g) = 56*g + 299. What is a(-3)?
131
Let h(f) = -f**3 - 32*f**2 + 50*f + 487. What is h(-33)?
-74
Let c(d) = -d**3 - 14*d**2 - 25*d - 10. Give c(-11).
-98
Let f(b) = -6*b**2 + 5*b + 73. Give f(-4).
-43
Let d(i) = 108*i - 1830. Calculate d(17).
6
Let u(x) = -39*x - 6. Determine u(-1).
33
Let y(t) = -t**2 + 70*t + 824. Calculate y(-9).
113
Let i(x) = -4*x**2 + 231*x - 1766. Give i(9).
-11
Let n(l) = 1896*l + 18966. What is n(-10)?
6
Let j(l) = 52*l + 2010. What is j(-39)?
-18
Let z(y) = 6*y + 260. Determine z(-63).
-118
Let b(m) = 16*m + 716. Determine b(-44).
12
Let s(g) = 4*g**2 + 4*g - 39. Determine s(-7).
129
Let t(j) = 46*j - 77. What is t(1)?
-31
Let i(h) = -2*h**2 + 145*h + 6. Calculate i(0).
6
Let r(s) = -s**3 - 38*s**2 + 118*s - 199. What is r(-41)?
6
Let f(r) = -2*r**3 + 123*r**2 - 58*r - 177. Calculate f(61).
6
Let r(l) = -2*l**2 + 20*l + 42. Calculate r(8).
74
Let v(g) = 103*g + 1235. Determine v(-12).
-1
Let h(k) = -153*k - 3674. Determine h(-24).
-2
Let a(z) = z**3 - z**2 - 109*z - 3. Calculate a(0).
-3
Let l(j) = 2*j**3 - 4*j**2 - 15*j - 23. What is l(-2)?
-25
Let f(o) = 3*o - 47. What is f(32)?
49
Let b(x) = -79*x - 1902. Calculate b(-22).
-164
Let m(c) = 495*c - 8413. Determine m(17).
2
Let t(i) = -3*i - 55. Calculate t(-5).
-40
Let a(z) = -396*z + 1180. Calculate a(3).
-8
Let m(s) = 46*s**2 - 66*s + 219. What is m(4)?
691
Let c(q) = 20*q + 32. Determine c(-1).
12
Let b(d) = -d**3 + 19*d**2 + 24*d - 243. Determine b(18).
513
Let a(v) = -66*v + 1720. Calculate a(26).
4
Let f(q) = -q**3 + 28*q**2 + 35*q - 169. Give f(29).
5
Let f(d) = 17*d + 464. Determine f(-15).
209
Let a(v) = -1374*v + 8330. Calculate a(6).
86
Let a(z) = -1109*z - 22142. Determine a(-20).
38
Let y(c) = 3*c**3 + 6*c**2 - 31*c - 88. What is y(-3)?
-22
Let a(r) = -410*r - 7789. What is a(-19)?
1
Let j(p) = -14*p**2 - 773*p - 2191. Calculate j(-3).
2
Let z(h) = -20*h - 64. What is z(-3)?
-4
Let f(b) = 12*b - 69. What is f(11)?
63
Let z(p) = 3*p**2 + 22*p + 34. Give z(-5).
-1
Let c(f) = 2*f**3 - 31*f**2 + 91*f - 6. Give c(11).
-94
Let m(t) = 9*t**2 + 131*t + 15. What is m(-8)?
-457
Let k(v) = v**3 - 12*v**2 + 123*v - 1464. Determine k(12).
12
Let p(h) = -h**2 + h + 87. Give p(-16).
-185
Let b(x) = x**3 - 5*x**2 - 9*x + 7. What is b(6)?
-11
Let l(a) = 4*a**2 - 16*a - 17. Determine l(-3).
67
Let j(k) = k**2 + 22*k - 15. Determine j(-23).
8
Let w(n) = n**3 + 12*n**2 + 68*n + 1054. Calculate w(-13).
1
Let o(s) = -956*s - 7653. Calculate o(-8).
-5
Let s(y) = -2*y**3 - 15*y**2 - y + 22. Give s(-5).
-98
Let l(j) = 2*j**3 - 10*j**2 + 3*j + 7. Give l(6).
97
Let l(c) = 2*c**2 + 78*c + 154. Give l(-2).
6
Let d(f) = 4*f + 377. Give d(-35).
237
Let k(t) = -33*t**2 - 284*t + 121. Give k(-9).
4
Let z(v) = 49*v - 143. Calculate z(4).
53
Let u(j) = -1054*j + 10469. Give u(10).
-71
Let y(t) = -331*t + 3976. Give y(12).
4
Let k(j) = -j**3 - 2*j**2 - 21*j - 100. Determine k(-4).
16
Let c(a) = -2*a**3 - 67*a**2 - 165*a - 281. What is c(-31)?
29
Let b(d) = -5*d**3 - 15*d + 14. Determine b(1).
-6
Let q(x) = -42*x - 253. Determine q(-7).
41
Let a(o) = -299*o - 1498. Calculate a(-5).
-3
Let p(s) = -4*s**2 + 3*s + 1. Give p(4).
-51
Let m(p) = 54*p - 3287. What is m(61)?
7
Let a(y) = -3*y**2 + 90*y - 108. Calculate a(29).
-21
Let u(n) = n**2 + 106*n + 1514. Give u(-89).
1
Let c(o) = o**3 - 3*o**2 + 12*o - 38. Give c(3).
-2
Let x(r) = r**3 - 16*r**2 + 12*r + 49. Determine x(15).
4
Let q(s) = 51*s**2 - 1956*s + 682. Give q(38).
-2
Let m(a) = -a**3 + 44*a**2 + 48*a - 122. Determine m(45).
13
Let s(a) = 3*a**2 + 77*a - 128. Give s(-24).
-248
Let s(b) = 3*b - 19. Give s(19).
38
Let t(c) = -2*c**2 - 28*c + 270. Give t(-21).
-24
Let o(k) = -4*k**2 + 106*k + 62. Determine o(30).
-358
Let x(w) = -w**3 - 12*w**2 - 16*w - 182. Give x(-14).
434
Let c(x) = -174*x + 505. What is c(3)?
-17
Let t(c) = c**2 - 51*c - 148. Determine t(55).
72
Let f(i) = -2*i**3 - 506*i**2 + 3*i + 734. Give f(-253).
-25
Let u(a) = 696*a + 128761. Calculate u(-185).
1
Let u(g) = 12*g - 560. Determine u(47).
4
Let s(a) = 2*a**3 - 17*a**2 - 20*a + 118. Give s(9).
19
Let p(k) = -3*k**3 + 51*k**2 + 123*k - 1242. Give p(18).
0
Let g(f) = f**2 - 479*f - 6899. Calculate g(-14).
3
Let i(a) = -5*a**2 + 329*a + 62. What is i(66)?
-4
Let t(s) = -13*s**2 - 6*s + 17. Calculate t(2).
-47
Let s(b) = b**2 - 13*b + 222. Give s(15).
252
Let i(n) = -2*n**2 - 3240*n + 3240. Give i(1).
-2
Let b(y) = -27*y - 61. Determine b(-4).
47
Let l(t) = -t**3 + 8*t**2 + 15*t - 280. Calculate l(10).
-330
Let j(g) = 5*g**3 + 51*g**2 - 45*g + 21. Give j(-11).
32
Let m(v) = 70*v - 2899. Determine m(41).
-29
Let l(n) = -357*n - 15706. Calculate l(-44).
2
Let c(t) = 2*t**2 + 48*t + 115. Determine c(-21).
-11
Let w(f) = -f**2 + 124*f - 751. What is w(6)?
-43
Let v(c) = 167*c + 3350. What is v(-20)?
10
Let t(j) = j**3 + 7*j**2 + 7*j + 17. Give t(-6).
11
Let b(a) = -70*a + 96. Determine b(2).
-44
Let q(p) = 6*p**3 + 663*p**2 + 328*p - 253. Determine q(-110).
-33
Let n(d) = 5335*d + 128045. Give n(-24).
5
Let c(o) = 37*o - 223. Calculate c(5).
-38
Let w(a) = -373*a - 1125. Give w(-3).
-6
Let i(n) = -2*n**3 - 202*n**2 + 3*n + 247. Determine i(-101).
-56
Let z(n) = -n**3 + n**2 + 6. Calculate z(0).
6
Let m(j) = 102*j + 9385. What is m(-92)?
1
Let q(s) = 473*s - 46821. Give q(99).
6
Let b(i) = 20*i**2 + 242*i + 44. Determine b(-12).
20
Let x(a) = -a**3 - 17*a**2 - 7*a + 18. Give x(-16).
-126
Let d(n) = -n**2 - 42*n - 471. What is d(-12)?
-111
Let t(x) = -x**2 + 16*x + 56. Give t(-4).
-24
Let x(v) = -3*v**2 + 122*v - 195. Determine x(39).
0
Let d(m) = -m**2 + 46*m - 150. Determine d(45).
-105
Let x(r) = r**2 - 38*r + 341. Calculate x(19).
-20
Let k(v) = v**3 + 9*v**2 + 22*v - 133. Give k(-8).
-245
Let q(k) = 5*k**3 - 35*k**2 + 61*k + 6. Give q(2).
28
Let q(u) = 2*u**2 - 5*u - 266. What is q(15)?
109
Let w(j) = -520*j + 1034. Give w(2).
-6
Let n(k) = -4*k**3 - 30*k**2 - 29*k + 14. Calculate n(-6).
-28
Let q(g) = -g**2 - 4*g + 71. Determine q(16).
-249
Let q(l) = -10*l - 273. Give q(-26).
-13
Let h(c) = 2*c**3 + 27*c**2 + 23*c + 171. Give h(-13).
41
Let a(n) = -n**3 - 59*n**2 - 406*n + 62. Give a(-51).
-40
Let b(l) = -17*l + 260. Calculate b(20).
-80
Let s(x) = x**2 - 13*x + 39. What is s(8)?
-1
Let c(j) = -26*j + 40. Determine c(9).
-194
Let b(u) = -8*u**3 - 2*u**2 + 29*u + 33. What is b(-1)?
10
Let m(z) = -z**3 + 14*z**2 - 19*z + 68. Determine m(13).
-10
Let a(f) = f**3 + 12*f**2 + 27*f + 518. Calculate a(-13).
-2
Let c(o) = -16*o + 140. What is c(7)?
28
Let k(g) = -525*g + 14182. Determine k(27).
7
Let q(a) = 2*a**2 + 219*a + 950. Determine q(-105).
5
Let y(d) = 164*d + 10654. Give y(-65).
-6
Let h(o) = 666*o - 3990. What is h(6)?
6
Let v(t) = -97*t - 1742. Give v(-18).
4
Let u(m) = -2*m**2 - 624*m - 5472. What is u(-303)?
-18
Let v(y) = -366*y**2 - 236*y + 237. Calculate v(1).
-365
Let c(i) = 39*i**2 + 8*i. Give c(-1).
31
Let x(y) = -6*y + 20. Give x(3